 the greatest common divisor of 17521 and 650780.
2503
What is the highest common factor of 144960 and 2640?
240
Calculate the greatest common factor of 6425 and 875.
25
What is the greatest common divisor of 4191 and 24?
3
What is the greatest common divisor of 1024 and 804352?
512
Calculate the greatest common divisor of 64610 and 6890.
130
What is the greatest common divisor of 113 and 2391419?
113
Calculate the highest common divisor of 2056047 and 114.
57
What is the highest common divisor of 105 and 11490?
15
Calculate the greatest common divisor of 22 and 18172.
22
Calculate the greatest common factor of 1 and 35051.
1
What is the greatest common factor of 2061 and 279?
9
Calculate the greatest common divisor of 377338 and 598.
598
Calculate the highest common factor of 64 and 2305120.
32
What is the highest common factor of 132 and 651519?
33
Calculate the greatest common factor of 217783 and 356.
89
What is the highest common divisor of 14628 and 53742?
318
What is the greatest common factor of 90 and 863640?
90
Calculate the greatest common factor of 338 and 13338.
26
What is the greatest common divisor of 316332 and 12?
12
Calculate the greatest common divisor of 905296 and 826.
826
What is the greatest common divisor of 1042736 and 16?
16
What is the greatest common divisor of 2800 and 9464?
56
Calculate the greatest common divisor of 16027 and 1504.
47
Calculate the highest common divisor of 24235 and 524.
131
Calculate the highest common divisor of 3280 and 480.
80
Calculate the greatest common divisor of 68990 and 15.
5
What is the highest common factor of 3760 and 13360?
80
Calculate the highest common divisor of 420741 and 27.
27
What is the greatest common factor of 4008 and 156?
12
Calculate the greatest common factor of 2704086 and 792.
198
What is the greatest common factor of 315 and 6120?
45
Calculate the greatest common factor of 178155 and 90.
45
Calculate the highest common factor of 32 and 7726.
2
Calculate the greatest common divisor of 182630 and 35.
35
Calculate the highest common divisor of 56676 and 804.
12
What is the highest common divisor of 107442 and 1458?
18
Calculate the highest common divisor of 1629 and 485623.
181
What is the greatest common factor of 999 and 1107?
27
Calculate the greatest common factor of 192 and 187104.
96
Calculate the greatest common factor of 1001 and 15092.
77
What is the highest common factor of 106 and 293249?
53
What is the greatest common divisor of 22542 and 102?
102
Calculate the greatest common factor of 3172 and 49044.
244
Calculate the highest common divisor of 1428405 and 242.
121
What is the greatest common divisor of 319302 and 292?
146
Calculate the highest common factor of 2758 and 42.
14
What is the greatest common factor of 9399 and 7449?
39
Calculate the highest common divisor of 588 and 14896.
196
Calculate the greatest common divisor of 54400 and 3808.
544
Calculate the highest common divisor of 367 and 12407903.
367
What is the greatest common divisor of 1360293 and 99?
33
What is the greatest common factor of 815 and 4456420?
815
What is the highest common divisor of 66 and 20850?
6
What is the highest common factor of 30 and 11775?
15
Calculate the highest common divisor of 108 and 1032.
12
Calculate the greatest common divisor of 30118 and 20498.
74
Calculate the greatest common divisor of 187 and 25267.
11
What is the greatest common divisor of 6208 and 1261?
97
Calculate the greatest common factor of 2286 and 8.
2
Calculate the highest common factor of 3097 and 3749.
163
Calculate the greatest common divisor of 312 and 1282216.
104
Calculate the greatest common factor of 456 and 29988.
12
What is the highest common factor of 798 and 3112200?
798
What is the highest common factor of 310652 and 185?
37
Calculate the highest common divisor of 160 and 13288.
8
What is the greatest common factor of 3036 and 26036?
92
Calculate the highest common factor of 58984 and 2048.
8
Calculate the greatest common divisor of 2263800 and 16.
8
What is the highest common divisor of 2058 and 106386?
42
What is the highest common factor of 272635 and 55?
55
Calculate the highest common factor of 22 and 13672758.
22
What is the highest common factor of 2793152 and 1824?
608
Calculate the greatest common factor of 8427 and 12031.
53
Calculate the highest common factor of 310 and 19654.
62
What is the highest common factor of 120 and 27420?
60
What is the greatest common factor of 9645 and 34635?
15
Calculate the highest common factor of 42 and 94938.
6
What is the greatest common divisor of 43193 and 2491?
47
What is the highest common factor of 140338 and 528?
22
What is the greatest common factor of 348 and 3490266?
174
Calculate the greatest common divisor of 1 and 1686.
1
Calculate the highest common divisor of 46726 and 122.
122
Calculate the highest common divisor of 10060 and 190.
10
What is the highest common factor of 19236 and 96?
12
Calculate the greatest common factor of 297687 and 3315.
663
What is the highest common divisor of 154059 and 3204?
267
Calculate the highest common divisor of 1404 and 13500.
108
Calculate the greatest common factor of 323 and 1840131.
323
Calculate the highest common factor of 27528 and 168.
24
What is the highest common divisor of 434 and 775?
31
What is the greatest common divisor of 1389 and 996?
3
Calculate the highest common divisor of 554544 and 144.
144
Calculate the greatest common divisor of 128 and 3645472.
32
What is the highest common divisor of 40 and 127760?
40
Calculate the highest common divisor of 938 and 11690294.
938
Calculate the greatest common factor of 72500 and 348.
116
Calculate the greatest common divisor of 119 and 8432.
17
Calculate the highest common divisor of 160 and 3880.
40
What is the highest common factor of 3 and 83469?
3
What is the highest common divisor of 90 and 8460?
90
What is the greatest common divisor of 672 and 12180?
84
Calculate the greatest common divisor of 147562 and 178.
178
Calculate the highest common divisor of 9688 and 448.
56
What is the greatest common factor of 12711 and 969?
57
Calculate the highest common factor of 994 and 222514.
142
What is the greatest common factor of 274728 and 264?
24
What is the highest common factor of 32385 and 508?
127
What is the greatest common divisor of 405 and 1195?
5
Calculate the greatest common factor of 15 and 39945.
15
Calculate the greatest common factor of 6271736 and 536.
536
What is the highest common divisor of 117171 and 554?
277
Calculate the highest common factor of 12 and 170724.
12
What is the highest common factor of 563394 and 699?
699
Calculate the greatest common divisor of 111525 and 1200.
75
Calculate the greatest common factor of 194780 and 20.
20
What is the greatest common factor of 160 and 157840?
80
What is the greatest common factor of 6 and 898071?
3
Calculate the greatest common divisor of 64410 and 2565.
285
Calculate the greatest common factor of 32 and 1.
1
What is the greatest common factor of 525345 and 15?
15
Calculate the highest common factor of 3483 and 1591.
43
What is the greatest common divisor of 9 and 5875083?
9
What is the highest common divisor of 38748 and 576?
12
What is the greatest common factor of 3880 and 7460?
20
What is the highest common divisor of 18067 and 15834?
203
What is the highest common divisor of 3888 and 72144?
432
What is the highest common factor of 17646 and 37022?
346
Calculate the greatest common factor of 1038496 and 272.
272
What is the highest common divisor of 29104 and 17?
17
Calculate the highest common divisor of 2657840 and 32.
16
Calculate the highest common factor of 5754 and 5880.
42
Calculate the highest common factor of 2975 and 105.
35
What is the highest common factor of 1578 and 12?
6
Calculate the highest common factor of 103040 and 39200.
1120
Calculate the greatest common divisor of 7 and 2281125.
7
Calculate the highest common factor of 110 and 3615040.
110
What is the highest common factor of 896 and 628096?
896
Calculate the highest common factor of 1048 and 30130.
262
What is the greatest common divisor of 896 and 768?
128
Calculate the greatest common factor of 106 and 6519.
53
What is the greatest common factor of 173762 and 18112?
566
Calculate 